5, 11
What are the prime factors of 2264?
2, 283
What are the prime factors of 1383?
3, 461
List the prime factors of 152890.
2, 5, 15289
List the prime factors of 11271.
3, 13, 17
List the prime factors of 2345.
5, 7, 67
What are the prime factors of 2012?
2, 503
What are the prime factors of 4508?
2, 7, 23
What are the prime factors of 302?
2, 151
List the prime factors of 37072.
2, 7, 331
List the prime factors of 9101.
19, 479
What are the prime factors of 18746?
2, 7, 13, 103
What are the prime factors of 15814?
2, 7907
List the prime factors of 20355.
3, 5, 23, 59
What are the prime factors of 6992?
2, 19, 23
What are the prime factors of 18760?
2, 5, 7, 67
What are the prime factors of 1193?
1193
What are the prime factors of 1197?
3, 7, 19
List the prime factors of 7239.
3, 19, 127
List the prime factors of 44273.
44273
List the prime factors of 4276.
2, 1069
What are the prime factors of 103578?
2, 3, 61, 283
List the prime factors of 1031.
1031
What are the prime factors of 2869?
19, 151
List the prime factors of 1444.
2, 19
List the prime factors of 127.
127
List the prime factors of 22567.
22567
List the prime factors of 1350.
2, 3, 5
List the prime factors of 117190.
2, 5, 11719
What are the prime factors of 6857?
6857
List the prime factors of 24767.
24767
What are the prime factors of 2724?
2, 3, 227
What are the prime factors of 59575?
5, 2383
What are the prime factors of 85953?
3, 7, 4093
List the prime factors of 1447.
1447
List the prime factors of 8280.
2, 3, 5, 23
List the prime factors of 656.
2, 41
List the prime factors of 1044.
2, 3, 29
List the prime factors of 1502.
2, 751
List the prime factors of 18586.
2, 9293
What are the prime factors of 9784?
2, 1223
What are the prime factors of 2155?
5, 431
List the prime factors of 2207.
2207
What are the prime factors of 118552?
2, 7, 29, 73
What are the prime factors of 661?
661
List the prime factors of 49514.
2, 19, 1303
List the prime factors of 29476.
2, 7369
List the prime factors of 614.
2, 307
List the prime factors of 90876.
2, 3, 7573
List the prime factors of 912.
2, 3, 19
What are the prime factors of 3095?
5, 619
What are the prime factors of 2291?
29, 79
What are the prime factors of 15056?
2, 941
What are the prime factors of 8238?
2, 3, 1373
List the prime factors of 129147.
3, 43049
List the prime factors of 3930.
2, 3, 5, 131
List the prime factors of 891.
3, 11
What are the prime factors of 8593?
13, 661
List the prime factors of 10007.
10007
What are the prime factors of 91773?
3, 11, 103
List the prime factors of 1072.
2, 67
What are the prime factors of 1478?
2, 739
What are the prime factors of 93075?
3, 5, 17, 73
List the prime factors of 9102.
2, 3, 37, 41
What are the prime factors of 2010?
2, 3, 5, 67
List the prime factors of 2782.
2, 13, 107
What are the prime factors of 207814?
2, 29, 3583
What are the prime factors of 3862?
2, 1931
List the prime factors of 670.
2, 5, 67
What are the prime factors of 855?
3, 5, 19
List the prime factors of 907.
907
List the prime factors of 9707.
17, 571
What are the prime factors of 380?
2, 5, 19
List the prime factors of 448.
2, 7
List the prime factors of 1667.
1667
List the prime factors of 1967.
7, 281
List the prime factors of 103500.
2, 3, 5, 23
List the prime factors of 15219.
3, 19, 89
List the prime factors of 319.
11, 29
What are the prime factors of 399?
3, 7, 19
What are the prime factors of 2617?
2617
What are the prime factors of 40193?
40193
List the prime factors of 1037.
17, 61
What are the prime factors of 46303?
19, 2437
What are the prime factors of 832?
2, 13
List the prime factors of 66519.
3, 19, 389
List the prime factors of 18819.
3, 17, 41
List the prime factors of 58639.
7, 8377
List the prime factors of 1428.
2, 3, 7, 17
What are the prime factors of 81411?
3, 11, 2467
List the prime factors of 1866.
2, 3, 311
What are the prime factors of 33333?
3, 41, 271
List the prime factors of 8257.
23, 359
What are the prime factors of 10064?
2, 17, 37
List the prime factors of 5290.
2, 5, 23
List the prime factors of 64488.
2, 3, 2687
List the prime factors of 55673.
55673
What are the prime factors of 13665?
3, 5, 911
List the prime factors of 11202.
2, 3, 1867
List the prime factors of 62418.
2, 3, 101, 103
What are the prime factors of 3342?
2, 3, 557
List the prime factors of 10643.
29, 367
List the prime factors of 1084.
2, 271
List the prime factors of 23575.
5, 23, 41
List the prime factors of 1509.
3, 503
What are the prime factors of 2646?
2, 3, 7
What are the prime factors of 337?
337
List the prime factors of 746.
2, 373
List the prime factors of 692.
2, 173
List the prime factors of 186672.
2, 3, 3889
List the prime factors of 677.
677
List the prime factors of 2286.
2, 3, 127
List the prime factors of 284.
2, 71
What are the prime factors of 81705?
3, 5, 13, 419
What are the prime factors of 171845?
5, 34369
List the prime factors of 53915.
5, 41, 263
List the prime factors of 4653.
3, 11, 47
List the prime factors of 3637.
3637
What are the prime factors of 2750?
2, 5, 11
List the prime factors of 1327.
1327
List the prime factors of 13.
13
What are the prime factors of 13641?
3, 4547
List the prime factors of 4383.
3, 487
What are the prime factors of 15677?
61, 257
List the prime factors of 8495.
5, 1699
What are the prime factors of 3050?
2, 5, 61
List the prime factors of 2564.
2, 641
What are the prime factors of 840?
2, 3, 5, 7
What are the prime factors of 20957?
19, 1103
List the prime factors of 109024.
2, 3407
What are the prime factors of 8393?
7, 11, 109
What are the prime factors of 23972?
2, 13, 461
What are the prime factors of 694?
2, 347
What are the prime factors of 20134?
2, 10067
List the prime factors of 1423.
1423
List the prime factors of 33447.
3, 11149
List the prime factors of 20661.
3, 71, 97
List the prime factors of 6077.
59, 103
What are the prime factors of 8663?
8663
List the prime factors of 3850.
2, 5, 7, 11
List the prime factors of 1530.
2, 3, 5, 17
What are the prime factors of 29953?
7, 11, 389
What are the prime factors of 113763?
3, 13, 2917
List the prime factors of 19700.
2, 5, 197
What are the prime factors of 3770?
2, 5, 13, 29
What are the prime factors of 5295?
3, 5, 353
List the prime factors of 431.
431
What are the prime factors of 4055?
5, 811
What are the prime factors of 6426?
2, 3, 7, 17
What are the prime factors of 666?
2, 3, 37
What are the prime factors of 21130?
2, 5, 2113
List the prime factors of 5153.
5153
What are the prime factors of 8355?
3, 5, 557
List the prime factors of 23436.
2, 3, 7, 31
What are the prime factors of 40018?
2, 11, 17, 107
What are the prime factors of 1523?
1523
What are the prime factors of 44509?
47, 947
What are the prime factors of 2894?
2, 1447
What are the prime factors of 32330?
2, 5, 53, 61
List the prime factors of 1492.
2, 373
List the prime factors of 8870.
2, 5, 887
What are the prime factors of 6213?
3, 19, 109
List the prime factors of 5793.
3, 1931
List the prime factors of 5913.
3, 73
What are the prime factors of 4147?
11, 13, 29
What are the prime factors of 10952?
2, 37
List the prime factors of 16947.
3, 7, 269
List the prime factors of 2007.
3, 223
List the prime factors of 85422.
2, 3, 23, 619
List the prime factors of 174.
2, 3, 29
List the prime factors of 23255.
5, 4651
What are the prime factors of 1705?
5, 11, 31
List the prime factors of 14033.
14033
List the prime factors of 31079.
31079
What are the prime factors of 1598?
2, 17, 47
What are the prime factors of 5157?
3, 191
List the prime factors of 231.
3, 7, 11
List the prime factors of 178.
2, 89
What are the prime factors of 2409?
3, 11, 73
What are the prime factors of 234?
2, 3, 13
List the prime factors of 799.
17, 47
What are the prime factors of 4612?
2, 1153
List the prime factors of 15041.
13, 89
What are the prime factors of 1033?
1033
What are the prime factors of 2729?
2729
List the prime factors of 3377.
11, 307
List the prime factors of 60300.
2, 3, 5, 67
List the prime factors of 724.
2, 181
What are the prime factors of 4054?
2, 2027
What are the prime factors of 31589?
31, 1019
List the prime factors of 6515.
5, 1303
List the prime factors of 4687.
43, 109
What are the prime factors of 33